ulate 8 - (-1 + 5 - (-11 - (9 - 15))).
-1
Evaluate (-3 - (-5 - (0 - -3))) + -133 + 143.
15
Evaluate -192 - -146 - (-4 + -8).
-34
Evaluate 1 + 9 + 105 + -109.
6
(15 - 33) + (4 - 19 - -11)
-22
Evaluate (-15 + 3 - (-6 + 7)) + -14.
-27
What is -25 + 1 + -6 + 11 + 10?
-9
Calculate (38 - 7) + (3 + 1 - (58 + -56)).
33
What is the value of -10 + 11 + 3 - 4?
0
What is 1 + 35 + (-271 - -227)?
-8
What is the value of -3 - -3 - ((4 - 2) + -4 + 0)?
2
What is the value of (1 - 19) + -93 + 89?
-22
0 + (-5 - 0) - (-15 + -11)
21
Evaluate (-6 + 14 - 3) + 5 + -5.
5
Evaluate (7 - 3) + 15 + -34 + (8 - 12).
-19
Evaluate -227 - -217 - (-2 - (2 + 2)).
-4
8 - (1 - (58 + -52 - (4 - 0)))
9
What is -2 - (-3 + 2 - 2)?
1
Evaluate (-10 + -1 - -3) + (-8 - -9).
-7
What is (1 - -36) + (-138 - -109)?
8
Calculate 32 + -32 - (13 + -2).
-11
-40 + 19 + -7 - -9
-19
(-1 + 0 - 7) + -1 + (-911 - -915)
-5
What is -5 + -11 + 10 + 11?
5
Calculate -1 + 2 + 2 - (0 - -1).
2
-12 - (1 + -14 - (11 + -33))
-21
Evaluate (16 - 6) + -4 - 0 - (0 - -1).
5
What is the value of -15 + (11 - 14) + (-4 - -2)?
-20
What is the value of -42 - (-39 + 27 + 3)?
-33
Calculate -36 + (-13 - -28) - -23.
2
Calculate -12 - (1 - -4) - -9.
-8
Calculate 44 - (1 + 10 - -44).
-11
Evaluate -130 + 116 - (4 - 44).
26
What is the value of 5 + -13 + (16 - -9)?
17
Evaluate -5 - 0 - (-21 - (-20 + 5)).
1
Calculate -12 - (-104 - -115 - (10 - 1)).
-14
0 + (8 - (-14 + 8 + 17 + 4))
-7
4 + -1 + -8 - -1 - (38 - 24)
-18
Calculate (-8 - -1 - (-13 + 1)) + -4 + 8.
9
Calculate (-3 - 0) + 5 + (39 - 4) + -10.
27
What is the value of -10 + 2 + 10 + -4 - 8?
-10
Calculate (7 - (-4 - (-8 - -2))) + 5.
10
Evaluate 9 + -3 + (3 - (5 + -24)).
28
-2 - (-1 - 11) - 8 - -7
9
Calculate 7 - (-1 + -16) - 17.
7
What is the value of 1 + (11 - (13 + 3)) - 28 - -1?
-31
Evaluate -19 - -6 - 1 - (-9 - 3).
-2
Calculate (-52 - -46) + (-6 - -8 - 8).
-12
What is the value of 0 + -27 + (-4 - (-10 + -2))?
-19
What is the value of -8 + 14 + 8 + 3?
17
-1 - 6 - (-52 + 51)
-6
What is 20 + (-47 - -1) + 4?
-22
Evaluate (-12 + -2 - (-10 + 5 + -2)) + 6.
-1
What is the value of -1 + (5 - (1 - (18 + -8)))?
13
What is the value of 164 + -196 + 0 + 5?
-27
Evaluate -1 + (2 + -9 - (-13 + (-1 - 2))).
8
Evaluate (-1 - 1) + 1 + 9 + 11 + -12.
7
57 + -48 - (-7 - 2) - 53
-35
Calculate -3 + (1 + -6 - -15) - (0 + -9).
16
What is the value of 8 + (4 - 3) - (-2 + -3)?
14
What is 11 + 30 + -11 + -15?
15
Calculate (-5 + 6 - 4) + (-25 - (32 + -25)).
-35
What is -6 + (-20 - (-1 - -6)) + 7 + 5?
-19
Evaluate 0 + -2 - (-3 + 17 - 8 - 1).
-7
What is the value of -374 + 392 - (-1 - -42)?
-23
What is 4 - (-7 - (4 + -18) - 8 - 1)?
6
-3 + 14 + -4 - ((7 - 4) + 17)
-13
Evaluate 13 + (-14 - -16) - 1.
14
Evaluate -6 - 3 - (32 + -15 + -19).
-7
19 + (-19 - -5) + (0 - (1 - -17))
-13
Evaluate -80 + 42 + (4 - -17).
-17
4 - ((3 - 8) + 8 + -10)
11
What is the value of -5 - (-16 + 9 + 12)?
-10
What is (0 - 28) + (54 + -50 - -5)?
-19
Calculate 2 + -1 - ((8 - 11) + 28).
-24
What is the value of (18 - (19 + -11 - 27)) + (0 - 6)?
31
Evaluate -137 + 141 - (-1 - -20).
-15
What is the value of 11 - (-30 - -34 - -7)?
0
Evaluate 18 + (-1 - ((6 - -3) + -4 + -3)).
15
What is the value of 0 + -5 - (2 + -3 - (413 + -391))?
18
5 + 3 + -11 + -2 + 1 + 32
28
Evaluate -823 + 851 + (-2 - 54).
-28
Evaluate -6 + 2 + -2 + 16 + (0 - -1).
11
(-20 - 25) + 44 - (-1 - 6 - 1)
7
-24 - (-74 - -23) - (-7 + 25)
9
What is the value of (7 - -3) + -37 + (33 - 13)?
-7
What is the value of (44 - 74) + (38 - 7)?
1
(2 - 22) + -5 + (17 - 6)
-14
Calculate (5 - -2) + (-25 - -34) - (-3 + 5).
14
What is the value of (-9 - 2) + 15 + -1 + 3 + 1?
7
What is 37 + -5 + -12 + 15 - 17?
18
Calculate -2 - (-9 - -30) - -20.
-3
Evaluate (-40 - (13 + -27)) + (8 - 1).
-19
What is the value of 7 + -30 + 15 + -4 + -1?
-13
Evaluate -27 + 24 + (-15 - (1 - 2)).
-17
Calculate 0 + (-6 - (-3 - 8)) + -3 + 9.
11
Evaluate -20 + (-16 - (-16 - 18)).
-2
What is the value of -20 + -4 + 24 + (-5 - 0)?
-5
Calculate -1 - ((-7 - 5) + (-6 - -15)).
2
What is the value of 5 + (7 - (-6 - -6)) + -2 + 3?
13
What is (-1 - (-3 + -3)) + (-1 - -1 - 3)?
2
What is -28 + -9 + 35 + -34?
-36
Evaluate -9 + (-2 - (-3 + 12) - -12).
-8
(23 - 4) + -44 - -24
-1
Calculate -20 + 7 + (2 + 3 - (-17 - -25)).
-16
Evaluate -11 - ((-13 - 1) + 20).
-17
Evaluate (-1 - -19) + (13 - 18) + -2.
11
Calculate -114 + 119 - (3 - -6).
-4
Calculate (-30 - -18) + 35 + -19.
4
What is (-33 - -34) + (-6 - 3)?
-8
Calculate -5 + (-1 + -2 - ((-4 - -6) + -10)).
0
Calculate 23 - ((4 - 1) + (-22 + 36 - 23)).
29
Calculate (11 - -2) + (-21 - (-37 - -7)).
22
505 + -514 + (4 - -1)
-4
5 + (14 - (40 + -15))
-6
What is 33 + (15 - 15) - 21?
12
What is the value of 313 + -310 + (3 - 16)?
-10
Calculate -1 - (-48 + 37) - (31 + 0).
-21
Evaluate -1 + 12 + (3 + -6 - (2 - -2)).
4
3 - (-8 + 14 - 7) - -5
9
What is 1 - -13 - (-19 + 41) - 4?
-12
28 + -8 + 50 + -69
1
0 - -4 - (400 + -423)
27
What is -2 + -38 + 9 + 11?
-20
8 - 0 - ((9 - 15) + 2)
12
Calculate 63 - 44 - 32 - (-1 - 2).
-10
Calculate (6 - 34) + (-60 - -92).
4
Evaluate 1 + 14 - (-84 - -118).
-19
Calculate (-24 + 33 - 14) + -2 + 0.
-7
0 - (2 + -13) - (-7 - -26)
-8
What is 4 + 7 - (32 - 29)?
8
7 - (10 - (3 + -2)) - -7
5
What is the value of (-2 - -9) + -6 + 18 + -33?
-14
5 + (-2 - -13) + (-7 + 14 - 13)
10
1 - 13 - (-25 + 61 - 33)
-15
What is 9 - 8 - (3 + 11)?
-13
What is the value of -12 - (-12 - -9 - 12) - 2?
1
What is -42 + 32 - (-2 + 5)?
-13
Calculate 0 - -7 - (23 + (19 - 33)).
-2
Calculate 34 - (33 + 27 - 27).
1
Evaluate 21 - ((-8 - -14) + 7 + -1).
9
-1 - ((-10 - 14) + 12)
11
What is 15 + (-3 - 2) - 3 - (-10 + 7)?
10
What is the value of 2 + (13 - 30 - (6 - (4 + 3)))?
-14
0 + 10 + -15 + 16
11
Evaluate (-5 - 6) + -16 + 13 + -1.
-15
Evaluate -43 - (24 + -22 - 26).
-19
What is the value of 3 + 0 + 28 + -40 + 15 - 4?
2
Calculate 4 + (-5 - (29 + -4) - -10).
-16
Calculate 3 - -4 - 3 - ((-14 - -7) + 8).
3
What is the value of (6 - 10) + 16 + -14?
-2
What is (-7 - (16 + -18) - 11) + -12?
-28
Evaluate (-11 + 41 - 23) + -24.
-17
What is 3 - -9 - (1 + -12 - -10)?
13
(1 - 0) + (-4 - -1) + (4262 - 4223)
37
Calculate -3 - (35 + -15 + -16).
-7
What is 21 + -10 - 23 - (-2 + -24)?
14
-13 + -12 - -28 - (-5 + 2)
6
Evaluate 10 + 13 - (5 + -8).
26
What is the value of 68 - 96 - (7 + 1)?
-36
Calculate -1 - (1 + (6 - 19)) - -5.
16
What is 4 + -8 + (5 + -9 - -7)?
-1
Evaluate 33 - (62 - (19 + -11)).
-21
What is (2 - 1 - 1) + (-26 - (-37 + 19))?
-8
-2 + 7 + -6 + 3 + -5 + -5
-8
What is 12 + -9 + 1 + 2 + -2 + -7?
-3
Evaluate 15 + (5 - (-14 - -21 - (0 - 5))).
8
Calculate (4 - -1) + (-223 - -213).
-5
What is (-31 - (19 - 42)) + -10?
-18
What is the value of 7 + (-56 - -18) - -15?
-16
Calculate -12 + 3 - -3 - (-14 - (12 + -4)).
16
What is (49 - 24) + -13 - 7?
5
Calculate 13 + -2 + -1 - (-60 + 77).
-7
What is (9 - 8) + 12 + -1?
12
What is the value of 13 + (7 - (-2 + 5)) + (-72 - -63)?
8
What is the value of 26 + (8 - 1) - 19?
14
What is the value of 2 - (-12 + 7 + 16)?
-9
Evaluate 1 + -13 + 7 + 1.
-4
What is the value of (3 - (-10 + 9) - 7) + 3?
0
Evaluate (-13 - 2 - (18 + 5)) + 7.
-31
Calculate -7 + -4 + (11 - (20 + -6 + 0)).
-14
Calculate (5 - -28 - 28) + -36.
-31
Evaluate 19 - 26 - (-1 - (2 - -10)).
6
Evaluate 1 + 34 + (-1159 - -1101).
-23
What is the value of (-6 - -1) + (-11 - (-9 - 0) - -17)?
10
Evaluate (-6 - (-8 - -1) - 7) + -9.
-15
Calculate 39 + -43 + (-4 - (-4 - 10)).
6
What is 10 + 2 + -19 + (-30 - -48)?
11
(-27 - -16) + -3 + (-2 - 3)
-19
(-213 - -206) + -12 + -2
-21
What is the value of -5 + (-1 - (5 + -7 - (4 + 0)))?
0
(-9 - 8) + 19 + -19
-17
What is -2 + -25 - (-467 - -447)?
-7
Evaluate 19 - (-1 - -14 - -13).
-7
Evaluate -2 + (-15 - -21) + -5.
-1
(-24 - (-9 + -28)) + -2
11
What is -10 + 11 + -12 - ((3 - -5) + 0)?
-19
-12 + (16 + -12 - 6)
-14
What is the value of (0 - (14 + -30) - 17) + (1 - 9)?
-9
What is (2 + -4 - 3) + (3 - 9) - 8?
-19
Calculate -29 + 30 + 2 + -13.
-10
What is 11 + -21 - 5 - -8 - (-1 - 22)?
16
What is 34 + -30 + (6 - (-4 - -2))?
12
What is -112 + 120 - (-2 - -3 - -2)?
5
Evaluate 8 + (5 - -8) + (5 - 4) + -8.
14
Calculate -3 - (10 + (-31 - 7) - -10).
15
What is 8 + 5 + 8 + -8 + -10 - 14?
-11
What is -29 + ((-66 - -60) + 2 + 0 - -8)?
-25
Evaluate -32 - -1 - (-34 - 34 - -59).
-22
What is -15 + 12 +